Give i(6).
-7
Let k(n) = 2*n**2 + 31*n - 13. Determine k(-16).
3
Let x(o) = o**3 - 4*o**2 - 7. Determine x(5).
18
Let j(p) = -5*p - 48. Give j(21).
-153
Let b(f) = f**2 - 7*f + 3. What is b(7)?
3
Let q(n) = 3*n - 57. What is q(20)?
3
Let f(n) = -n**3 - 16*n**2 + 18*n + 25. What is f(-17)?
8
Let b(z) = z**2 - 32*z + 44. What is b(31)?
13
Let k(q) = -7*q**3 - 3*q**2 + 4. Calculate k(-3).
166
Let u(v) = -2*v**3 - v**2 - 2*v - 1. Calculate u(-1).
2
Let y(t) = -t - 13. Give y(-18).
5
Let n(p) = 2*p**3 + 7*p**2 - 8*p - 9. Give n(-4).
7
Let c(i) = -i - 20. What is c(15)?
-35
Let q(l) = -37*l - 336. What is q(-9)?
-3
Let o(k) = 4*k - 23. What is o(8)?
9
Let t(u) = u**2 + u + 2. Determine t(3).
14
Let v(h) = -7*h**3 - 17*h**2 + 17*h. Calculate v(1).
-7
Let w(n) = -n**3 - 7*n**2 - 8*n + 6. Calculate w(-5).
-4
Let d(y) = -y**2 + 31*y + 63. Calculate d(33).
-3
Let m(u) = -u**2 - 3*u - 2. Determine m(3).
-20
Let x(b) = 2*b - 8. Give x(0).
-8
Let q(u) = u**3 + 5*u**2 + 10*u + 26. Determine q(-5).
-24
Let z(m) = m**3 + 3*m**2 + 2*m + 1. Determine z(-3).
-5
Let x(k) = k**2 + 5*k - 51. Calculate x(0).
-51
Let w(d) = -d**3 - 10*d**2 - 16*d - 18. What is w(-8)?
-18
Let r(y) = -14*y**2 + 7*y + 4. Calculate r(-1).
-17
Let z(k) = k**3 + 3*k**2 + 17*k + 139. Give z(-5).
4
Let u(s) = s**3 - 7*s. Calculate u(-3).
-6
Let j(x) = -x**2 - 8*x + 2. What is j(-7)?
9
Let f(n) = n**2 + 50*n + 616. What is f(-29)?
7
Let f(b) = b**3 - 27*b**2 - 27*b - 25. Give f(28).
3
Let s(q) = q**2 + 2*q - 5. Give s(-2).
-5
Let g(u) = u**3 - 27*u**2 + 24*u + 31. Give g(26).
-21
Let i(a) = 2*a - 10. Give i(0).
-10
Let c(k) = -4*k**2 - 2*k - 1. Calculate c(-1).
-3
Let m(q) = q**3 + 26*q**2 + 26*q + 34. Calculate m(-25).
9
Let h(a) = -a**2 - 6*a + 13. What is h(-6)?
13
Let j(v) = -36*v + 284. Calculate j(8).
-4
Let y(w) = -w**3 + 9*w**2 - 12. Calculate y(9).
-12
Let h(w) = 5*w + 4. Calculate h(-3).
-11
Let i(d) = d**2 - 6*d + 6. Determine i(7).
13
Let u(a) = 13*a - 28. What is u(3)?
11
Let v(k) = -3*k**2 + 18*k - 3. Determine v(5).
12
Let v(n) = -n**2 + 36*n + 204. What is v(41)?
-1
Let q(w) = -w**2 - w + 7. Give q(-4).
-5
Let l(u) = 13*u - 26. Calculate l(-8).
-130
Let v(t) = 16*t**3 + 7*t**2 + 6*t + 1. What is v(-1)?
-14
Let t(u) = -u**2 + 16*u + 55. Give t(-3).
-2
Let y(i) = -2*i - 15. Give y(2).
-19
Let f(u) = -4*u - 4. What is f(-5)?
16
Let w(l) = l**2 - 7*l - 2. Calculate w(5).
-12
Let z(g) = g**3 + 6*g**2 + g - 2. Determine z(-3).
22
Let y(b) = 5*b + 51. Determine y(-10).
1
Let q(x) = x**3 + 6*x**2 - 6*x - 3. Determine q(-6).
33
Let b(z) = -z**3 - z**2 + 2*z - 7. What is b(0)?
-7
Let p(w) = 4*w - 51. Determine p(18).
21
Let k(g) = g**3 - 2*g**2 - 2. What is k(3)?
7
Let q(x) = 13*x + 1. Give q(-2).
-25
Let b(t) = t**2 - 12*t - 120. What is b(-7)?
13
Let d(x) = -x**2 - 18*x - 30. Calculate d(-16).
2
Let j(p) = -p**3 - 6*p**2 + 5*p + 11. What is j(-7)?
25
Let q(g) = -g**3 - 5*g**2 + 20*g + 46. Give q(-7).
4
Let y(q) = q**3 - 14*q**2 + 45*q - 135. What is y(11)?
-3
Let y(o) = 16*o + 2. Give y(1).
18
Let k(x) = x**2 - 51*x - 157. Determine k(54).
5
Let x(k) = -k**2 + 11*k + 4. Calculate x(12).
-8
Let q(f) = -f**2 - 15*f - 21. What is q(-4)?
23
Let b(q) = q**2 - 7*q + 4. What is b(6)?
-2
Let v(q) = -q**2 + 2*q + 15. What is v(4)?
7
Let v(m) = -m**3 + 38*m**2 - 3*m + 112. What is v(38)?
-2
Let v(n) = 6*n - 108. Calculate v(22).
24
Let i(j) = j**3 - 53*j**2 - 110*j + 19. Calculate i(55).
19
Let j(i) = -2*i**2 + 18*i + 14. Calculate j(10).
-6
Let q(c) = c**3 - 10*c**2 - 17*c + 21. Calculate q(10).
-149
Let a(r) = -5*r + 5. Give a(3).
-10
Let b(u) = -u**3 + 6*u**2 + 4*u - 49. Give b(4).
-1
Let b(z) = 3*z**2 + 19*z - 15. What is b(-10)?
95
Let p(y) = y**2 - 16*y + 15. Calculate p(15).
0
Let a(y) = y**3 - 13*y**2 - 14*y - 8. Calculate a(14).
-8
Let q(d) = d**2 - 4*d - 59. Determine q(10).
1
Let c(s) = 4*s - 7. What is c(3)?
5
Let o(t) = -t**3 + 11*t**2 - 16*t - 23. Determine o(9).
-5
Let d(r) = r**3 - 10*r**2 + r - 1. What is d(10)?
9
Let b(f) = f**3 - 9*f**2 + 18*f - 12. Calculate b(6).
-12
Let y(d) = 11*d - 421. Give y(39).
8
Let c(q) = -2*q**3 - 4*q**2 - q + 2. Give c(-2).
4
Let f(n) = n + 8. Give f(-5).
3
Let a(w) = w**2 + 6*w + 10. Calculate a(-4).
2
Let z(k) = -k**3 + 5*k**2 + 22*k + 6. Give z(8).
-10
Let r(j) = -j - 21. Give r(-21).
0
Let a(c) = -c**2 + 7*c - 2. What is a(6)?
4
Let s(g) = -g**3 + 7*g**2 - 8*g - 2. Determine s(6).
-14
Let b(k) = k**3 + 7*k**2 - 8*k + 9. Give b(-8).
9
Let f(l) = l**2 + 2*l - 11. What is f(0)?
-11
Let t(b) = -7*b - 68. Determine t(-3).
-47
Let j(i) = -i**2 - 2*i - 5. Calculate j(-2).
-5
Let s(k) = k - 13. What is s(-3)?
-16
Let o(y) = y**3 - 14*y**2 + 13*y + 11. Calculate o(13).
11
Let x(q) = q**3 - q**2 + q + 15. Calculate x(0).
15
Let z(n) = n**3 - 12*n**2 - n + 16. Calculate z(12).
4
Let c(v) = 10*v - 47. What is c(5)?
3
Let w(g) = g**2 + 9*g + 16. Calculate w(-8).
8
Let x(b) = -2*b - 2. Determine x(-8).
14
Let r(q) = -q**3 + 5*q**2 + 2*q - 27. Give r(3).
-3
Let x(r) = r + 14. Calculate x(-21).
-7
Let z(m) = m**3 - 12*m**2 - 87*m - 14. Give z(-5).
-4
Let p(m) = -3*m**2 + m - 1. Determine p(0).
-1
Let y(l) = -2*l**2 - 9*l + 20. Give y(9).
-223
Let k(i) = i**2 - i - 51. What is k(8)?
5
Let n(j) = -3*j**3 - 121*j**2 + 83*j + 34. Determine n(-41).
-7
Let b(k) = -k**2 + 2*k + 17. What is b(5)?
2
Let y(d) = d + 17. Give y(-15).
2
Let b(g) = -2*g**2 + 11*g + 10. Give b(-1).
-3
Let i(r) = 5*r**3 + 126*r**2 + 27*r + 48. Determine i(-25).
-2
Let c(w) = w**2 - 10*w + 23. What is c(5)?
-2
Let w(m) = 9*m + 51. What is w(-8)?
-21
Let h(t) = -t**3 - 51*t**2 + 48*t - 194. Determine h(-52).
14
Let z(l) = -l**3 - 3*l**2 + 2*l - 13. Give z(-4).
-5
Let a(t) = t - 8. What is a(10)?
2
Let k(t) = 7*t + 27. Determine k(-9).
-36
Let j(n) = -n**3 + n**2 + 5*n + 2. Give j(-4).
62
Let k(i) = i**3 + 11*i**2 - 14*i - 18. What is k(-12)?
6
Let o(j) = 6*j - 155. Determine o(36).
61
Let x(b) = 4*b - 74. Determine x(11).
-30
Let p(w) = 9*w + 110. Determine p(-10).
20
Let x(k) = k**3 - 3*k**2 - 3*k + 6. What is x(4)?
10
Let c(j) = j**2 - 8*j - 9. Calculate c(10).
11
Let o(a) = -a**2 + 6*a + 1. Determine o(6).
1
Let d(j) = -2*j**2 + 17*j - 9. Calculate d(8).
-1
Let f(g) = -5*g**2 + 2*g + 1. What is f(2)?
-15
Let a(w) = -9*w - 102. Determine a(-12).
6
Let w(n) = -n**3 + 4*n**2 + 7*n + 1. Calculate w(6).
-29
Let k(x) = -13*x**2 - 3*x + 7. Give k(3).
-119
Let t(y) = -y**2 - 19*y + 26. What is t(-22)?
-40
Let q(k) = 2*k**2 - 43*k + 130. Give q(18).
4
Let h(f) = -6*f**2 - 9*f - 12. What is h(-5)?
-117
Let n(v) = -v**3 + 5*v**2 - 15*v + 80. Determine n(5).
5
Let n(r) = -r**2 + 7*r + 1. What is n(8)?
-7
Let j(w) = w + 2. Determine j(6).
8
Let y(l) = -l**2 + 54. Determine y(0).
54
Let m(g) = 6*g - 9. Determine m(6).
27
Let r(k) = -11*k - 45. Determine r(-4).
-1
Let t(j) = -j**3 + 5*j**2 - 3*j + 5. Determine t(3).
14
Let f(y) = 2*y + 6. Calculate f(-12).
-18
Let j(k) = -k**2 - 18*k - 33. Determine j(-17).
-16
Let k(h) = 6*h. Calculate k(4).
24
Let d(o) = 7*o**2 - 16*o. Calculate d(3).
15
Let y(h) = -h**3 + 10*h**2 - 11*h - 15. Determine y(10).
-125
Let c(p) = 18*p**2 - 3*p + 2. Determine c(1).
17
Let h(w) = w**3 + 5*w**2 - 2. Calculate h(-4).
14
Let x(b) = b**2 + 19*b + 40. What is x(-16)?
-8
Let z(q) = 3*q**3 + 12*q - 13. Give z(1).
2
Let a(q) = 2*q**3 - 3*q**2 - 2*q - 5. Calculate a(3).
16
Let l(t) = -5*t - 37. Give l(-7).
-2
Let a(q) = 2*q**2 + 25*q + 73. Give a(-6).
-5
Let c(p) = -14*p + 35. What is c(1)?
21
Let j(a) = a**3 + 8*a**2 - 2*a - 10. Calculate j(-8).
6
Let h(b) = -62*b - 311. Calculate h(-5).
-1
Let t(c) = -4*c**3 - c - 1. Determine t(-1).
4
Let l(w) = 15*w**2 - 4*w + 4. Give l(1).
15
Let v(f) = 7*f + 14. Give v(-3).
-7
Let p(c) = -27*c**2 + 3*c + 2. What is p(-1)?
-28
Let s(u) = u**2 + u - 2. Determine s(-3).
4
Let d(j) = -2*j - 1. Calculate d(2).
-5
Let c(o) = -o + 2. What is c(4)?
-2
Let o(h) = 2*h**3 + 19*h**2 + 9*h + 4. Calculate o(-9).
4
Let z(q) = -q**2 + 7*q - 21. Give z(3).
-9
Let s(f) = 2*f + 3. Determine s(3).
9
Let w(o) = 9*o - 30. Give w(4).
6
Let n(t) = t + 11. Give n(8).
19
Let c(k) = -k**3 - 12*k**2 + 13*k - 12. Calculate c(-13).
-12
Let x(p) = -13*p**3 - 3*p**2 - p + 2. Determine x(-1).
13
Let k(j) = -j**3 + 6*j**2 - 5*j + 5. Give k(6).
-25
Let o(c) = -7*c - 90. Dete